69 + -5043. What is the greatest common factor of a and o?
14
Suppose -21*r + 19*r + 52 = -4*v, 0 = -5*r + v + 103. What is the highest common factor of 20 and r?
20
Suppose 4*s = 2*i - 142, 0 = 2*i - 5*s - 213 + 71. Suppose -5*z + 34 = -i. Calculate the highest common factor of 3 and z.
3
Let j be 0 - 62 - (-2)/2. Let h = j + 119. Suppose 146 = 2*k - h. Calculate the highest common divisor of k and 68.
34
Suppose 0 = -6*x + 13*x - 56. Let o be (4/(-8))/((-2)/300). Let z = 155 - o. Calculate the highest common divisor of x and z.
8
Let r(w) = 4*w**2 - 3*w - 7. Let p be r(7). Calculate the greatest common factor of 63 and p.
21
Suppose 0 = -q + 799 + 506. What is the greatest common divisor of 90 and q?
45
Suppose -3*z - 38 = -2*u, 5*u - 2*z = 2*z + 88. What is the greatest common factor of u and 4?
4
Suppose -5*m = -m + 16. Let h be (5 + -4 + 7)*(-14)/m. Calculate the highest common divisor of h and 308.
28
Suppose -54*c + 11404 + 36980 = 0. What is the greatest common factor of c and 56?
56
Let z = -554 - -639. Calculate the highest common divisor of 5 and z.
5
Suppose -6*l + 2*l + 52 = 0. Let d be 161 - ((10 - 2) + -4). Let b = d + -79. Calculate the highest common divisor of l and b.
13
Suppose g - 9*y = -12*y + 27, 2*g - 4*y = 44. Let p = 124 + -88. What is the highest common divisor of g and p?
12
Let c = 54 - 50. What is the highest common divisor of 13 and c?
1
Suppose -13*d - 2*o = -18*d + 652, 3*o - 517 = -4*d. Calculate the greatest common divisor of 585 and d.
65
Let g(o) = -5*o - 3. Let k be g(-5). Let w = 76 - k. Suppose -9*x = 5*h - 14*x - 650, 545 = 4*h + x. Calculate the greatest common factor of h and w.
27
Let l = 259 + -253. What is the greatest common factor of l and 9?
3
Suppose 0 = 4*l, -5*x - 5*l - 165 + 170 = 0. What is the greatest common factor of x and 9?
1
Let y be -8*(0 - 3/(-4)). Let w be -2*(y/2 + -4). Calculate the highest common divisor of 112 and w.
14
Let c be -6 + ((-48)/(-20))/((-6)/(-40)). Calculate the greatest common divisor of 1370 and c.
10
Let r be (-4)/(-2) + -4 + 145. Let q(m) = m**3 + 8*m**2 - 8*m + 22. Let n be q(-9). Calculate the highest common factor of r and n.
13
Suppose -4*r - 4*i + 88 = 0, 10*i = 9*i + 3. What is the greatest common divisor of r and 1672?
19
Let n(p) = -p**3 - 7*p**2 + 8*p + 12. Let k be n(-8). Let w be (-128)/(-8)*3/2. Let g be (-4)/w - 1444/(-24). What is the highest common divisor of g and k?
12
Let q be ((-1)/3)/(6/(-36)). Suppose q*l + 2*l = -12. Let p be (-15 - l)/(3/(-18)). What is the greatest common factor of 9 and p?
9
Suppose 0 = -13*d + 8174 - 2194. Calculate the highest common divisor of 80 and d.
20
Let m = -8 - -18. Suppose -10*t = -15*t. Let l be -3 - t - -6 - -87. Calculate the greatest common divisor of l and m.
10
Let i = -42 - -84. Calculate the greatest common factor of 12 and i.
6
Let n(r) = r**3 - 4*r**2 + 2. Let g be n(5). Let j be 108/2*(3 - 27/18). What is the highest common divisor of g and j?
27
Suppose -27*s = -9340 + 1321. What is the greatest common divisor of s and 33?
33
Suppose 10*c = 7*c + 138. What is the highest common divisor of c and 230?
46
Let x(s) = -s**3 - 11*s**2 - 23*s + 19. Let w be x(-8). Let k(m) = -99*m. Let f be k(-1). What is the highest common divisor of w and f?
11
Let q be -40*6/((-48)/76). Calculate the highest common factor of 152 and q.
76
Suppose -3*l + 250 = 70. What is the greatest common factor of l and 20?
20
Let h be ((-102 - -6)/(-6))/2. Let i = -156 + 228. Calculate the greatest common factor of i and h.
8
Let b be (-14)/3*(-3)/2. Suppose 0 = -g - 3 + b. Let z be (-3)/(-15)*(-65)/(-13). Calculate the highest common divisor of g and z.
1
Let j(y) = -11*y**2 - 11 + 3*y - 289*y**3 - 287*y**3 + 574*y**3. Let s be j(-6). What is the greatest common factor of s and 77?
7
Let p(r) = r**3 - 7*r**2 + 11*r - 17. Let n be p(8). Calculate the highest common divisor of 81 and n.
27
Let i = -166 - -171. What is the highest common factor of i and 185?
5
Let p = 169 - 122. What is the highest common divisor of 423 and p?
47
Suppose -7*l = -5*l - 1230. Suppose 4*m - 1695 = -l. Calculate the highest common factor of 15 and m.
15
Suppose -16*c - j - 45 = -21*c, 18 = 2*c + 5*j. Calculate the greatest common divisor of c and 57.
3
Let g = 347 + -239. What is the greatest common factor of g and 81?
27
Let c(r) = 21*r + 409. Let n be c(-18). Suppose 0 = -5*t + 5*p + 1220, t - 2*p = 3*p + 228. What is the greatest common divisor of n and t?
31
Let y = -210 + 220. What is the highest common divisor of 85 and y?
5
Suppose 15 = -3*t, -2*o + 4*t = t - 23. Suppose -5*l + r + 282 = 0, o*r = -4*l + 188 + 28. Calculate the highest common factor of 14 and l.
14
Suppose -3*y - 42 = -y. Let f = y - -40. Calculate the greatest common divisor of f and 76.
19
Let v(u) = 19*u**2 + 75*u + 6. Let c be v(-9). What is the highest common factor of c and 30?
30
Let l = -217 - -309. Calculate the highest common factor of 46 and l.
46
Let u(b) = b - 1. Let p be u(4). Let r be p + ((-71)/(-1))/1. Suppose 3*k + i = r, 4*k - i - 126 = -k. Calculate the greatest common factor of k and 200.
25
Let t be (5 - (-395)/(-10))*-46. Suppose -j = 4*n - 270, -5*n = 5*j - t + 177. Calculate the highest common divisor of 26 and j.
26
Let u = -324 + 484. What is the greatest common divisor of 40 and u?
40
Let o(l) = 15*l - 21*l**2 + 5*l - l**3 - 7 + 2. Let n be o(-22). What is the greatest common factor of n and 156?
39
Let u = 17 - -22. Suppose 55 = 2*l + l - 4*d, 2*d = 2*l - 34. Calculate the highest common factor of u and l.
13
Let v be (10/(-3))/(1/(-15)). Let q(t) = -t**3 - 4*t**2 - 4*t + 7. Let z be q(-3). Calculate the highest common factor of v and z.
10
Let d(r) = -7 + 2 + 0*r + 2 - r. Let i be d(-11). Calculate the highest common factor of 16 and i.
8
Let n(f) = 3*f. Let t be n(1). Let i be (-6)/(-4)*2/1. What is the highest common divisor of i and t?
3
Let l(n) = 43*n**2 - 2. Let c be l(-1). Suppose -c*d = -39*d - 30. What is the greatest common divisor of d and 15?
15
Let r be 4/1 - (-6)/3. Suppose 4*z = 2*c - 6*c + 88, z = 2*c - 50. Calculate the greatest common divisor of r and c.
6
Suppose 5*n - 9 - 51 = 0. Suppose 3*x - n = x. Let f be 4/x - (-210)/9. Calculate the greatest common divisor of 36 and f.
12
Suppose -27 + 147 = -z - 2*u, 0 = -5*z + u - 600. Let x be (256/10)/((-16)/z). Calculate the greatest common factor of x and 24.
24
Suppose -4*t + 170 = 3*n, 3*n = -6*t + 3*t + 126. What is the highest common divisor of 4 and t?
4
Let j = 30 + -30. Suppose -5*z = 2*l - 437 - 32, j = l - 3*z - 251. What is the greatest common factor of 22 and l?
22
Suppose 9*s - 104 = 238. Calculate the greatest common divisor of 1178 and s.
38
Let i be (-565)/(-10) + (-1)/2. Calculate the greatest common factor of i and 35.
7
Suppose -24*h + 2*z + 28 = -22*h, 5*h - 76 = 2*z. Calculate the highest common factor of 240 and h.
16
Suppose -15 = 2*b - 7*b. Suppose -3*k + 4*u - 84 = u, 3*k + 104 = -2*u. Let g = k + 35. What is the highest common divisor of g and b?
3
Suppose -4*l + q = -8, 5*l = -3*q + 5 + 5. Suppose 0 = -2*y, 5*d - l*y = 3*d + 58. What is the highest common divisor of 145 and d?
29
Let h = 223 - 217. Calculate the highest common divisor of 36 and h.
6
Let w = 21 + 16. Suppose w = j - 29. Suppose j = b + 24. Calculate the highest common divisor of 63 and b.
21
Suppose 193*i - 174*i - 171 = 0. What is the highest common factor of 2043 and i?
9
Suppose -3*c = 2*n - 14, n + c + 12 = 2*n. Suppose 0 = v + 2*w - 0*w - 46, -2*w - 104 = -2*v. Calculate the greatest common divisor of n and v.
10
Suppose -4 = 119*w - 117*w. Let k be (-1 - (-18)/1)/(w/(-2)). What is the greatest common factor of k and 17?
17
Let i be (-2808)/(-182) + (0 - 12/(-21)). Calculate the greatest common divisor of i and 284.
4
Let b = 768 - 717. What is the greatest common factor of 544 and b?
17
Let v(h) = h**3 + 20*h**2 - 98*h - 21. Let r be v(-24). Suppose -2*k + 144 = 2*k. What is the highest common divisor of r and k?
9
Suppose 25 = w + 3*a, 3*a = -4*w + 4*a + 61. Suppose 0 = -3*j - j + w. Suppose j*i = 3*i + 4. What is the highest common factor of 6 and i?
2
Let c(t) be the first derivative of -5*t**2/2 - 11*t - 14. Let m be c(-4). Calculate the greatest common divisor of m and 3.
3
Let 